ive y(m).
-13
Let s(g) = 2*g**3 - 6*g**2 - 6*g - 6. Let m(j) = -j**3 + j**2 + j + 1. Let p(a) = -5*m(a) - s(a). Suppose 0 = -4*z - 20, -2*d = -d + 3*z + 16. What is p(d)?
-2
Let r(a) be the first derivative of a**6/120 + a**5/10 + 7*a**4/24 + 2*a**3/3 - a**2 + 1. Let x(j) be the second derivative of r(j). What is x(-5)?
-6
Let a(r) = -r + 2. Suppose 0*b + 7 = b - 3*u, 3*b = 2*u. Let d be (2/5)/(b/10). Determine a(d).
4
Let m(x) = -13*x**2 - 4*x. Let a(r) = 7*r**2 + 2*r. Let q(f) = -11*a(f) - 6*m(f). Calculate q(-5).
15
Suppose 2 = -2*f + 8. Suppose -2*v - p = -2*p - 1, 2*p + f = 5*v. Let c(x) = -3*x + 5*x + v + 0*x. Determine c(1).
3
Let j(i) = i**3 - 3*i**2 - i - 4. Let h(a) = -3*a - 3. Let m be h(-2). What is j(m)?
-7
Let f(w) = w**3 + 5*w**2 + 9*w - 9. Let h(k) = -6*k**3 - 24*k**2 - 45*k + 44. Let i(s) = -11*f(s) - 2*h(s). Calculate i(8).
3
Let y(g) = -2*g + 4. Suppose 24 = -z + 9*z. Determine y(z).
-2
Suppose -5*n + 35 = -0*n - 5*k, -1 = -n - 2*k. Let v = n - 3. Suppose -o + 0*o = v. Let g(c) = -c**2 - 2*c - 3. Calculate g(o).
-3
Let f(l) = 51 + l**2 + 2*l + l**3 - 4*l - 48. Calculate f(-3).
-9
Let h(t) = -28*t**3 + 49*t**3 - 20*t**3 - 7 - t + 8*t**2. Calculate h(-8).
1
Let n(z) = z**2 - 9*z + 7. Let a be 15/(15/5) - -1. What is n(a)?
-11
Let n(o) be the first derivative of -o**2/2 + 9*o + 9. Determine n(7).
2
Let r(i) = -i**2 + 7*i + 10. Suppose -6*g = -69 + 21. Calculate r(g).
2
Let q(s) be the third derivative of s**5/30 - s**4/8 + 13*s**2. What is q(2)?
2
Let i(u) = -u - 7. Suppose -16*m + 12*m = -12. Let s be 0/(9/m - 4). Give i(s).
-7
Let u = 5 - 0. Suppose -7*z = -2*z - u. Let k = -1 - z. Let t(d) = d**2 - 1. What is t(k)?
3
Let c(o) be the third derivative of -o**4/8 + o**3 - 7*o**2. Determine c(6).
-12
Let w(s) = -s**2 + s. Let d = -8 - -8. Give w(d).
0
Suppose -q - 4*q + 15 = 0. Let a(n) = n**2 - n - 2. Let w(g) = -g**2 + 2*g + 1. Let z(k) = a(k) - w(k). Determine z(q).
6
Let q(s) = s - 10. Suppose 4*m - 10 - 16 = -2*w, 0 = 4*w - 3*m - 19. What is q(w)?
-3
Let m(l) be the first derivative of -l**2/2 + 5*l - 2. What is m(-4)?
9
Let v(d) = -10*d**3 + 28*d**2 - 14*d - 1. Let k(q) = -3*q**3 + 9*q**2 - 5*q. Let t(s) = -7*k(s) + 2*v(s). Give t(6).
4
Let y(s) = 4*s + 33. Let v be y(-9). Let b(m) = -m**3 - 3*m**2 - 4*m - 3. What is b(v)?
9
Let q(o) = o - 4. Let d be q(6). Suppose j - c + 1 = 0, -3*j + d*c = -2*j + 2. Let r(t) = -t + 10. Give r(j).
10
Let c(w) = w**3 + 3*w**2 - 2. Let q(r) = -3*r**3 - 8*r**2 + 5. Let t(h) = 8*c(h) + 3*q(h). Let p be 0 - (1 - 4/2). Determine t(p).
-2
Let l(r) = r**3 - 3*r**2 + r + 2. Let d be l(2). Let c(t) be the second derivative of -9/2*t**2 - t + d - 1/12*t**4 - 1/6*t**3. What is c(0)?
-9
Let h(x) = -7*x + 2. Let i(z) = 3*z - 1. Let v(m) = -3*h(m) - 5*i(m). Let u(c) = -c**3 + 5*c**2 - c + 4. Let f be u(5). What is v(f)?
-7
Let y be 4/(-16) - (-18)/8. Let x(v) = -5*v + 0*v + 2*v + y*v. Let f be -1*((-2)/1)/1. Give x(f).
-2
Let m(i) = -i**3 + 2*i**2 + 2*i + 1 + 7*i**2 - 2. Let x(a) be the first derivative of a**3/3 - a + 2. Let c(y) = -m(y) + 6*x(y). Determine c(4).
3
Let l(u) be the first derivative of -1/2*u**4 - 2 + 2*u + 4/3*u**3 - 3/2*u**2. Let w be l(2). Let q(f) = -f**2 - 5*f - 4. What is q(w)?
0
Let d(n) = -n + 6. Let u be d(4). Let z(h) = h**2 - 6*h + 3. Give z(u).
-5
Let v(w) = -2*w - 15. Let m be v(-9). Let s(x) = -2*x. Calculate s(m).
-6
Let u = -2 - -6. Let d(k) = -u*k**2 + 21*k - 10 - 20*k + 4*k**2 + k**2. Determine d(0).
-10
Let c(u) = u**3 - 3*u**2 - 2*u. Let s be (39/(-9) + 4)*-9. What is c(s)?
-6
Let n(b) = -b**2 + 5*b - 6. Suppose 0 = -5*a - 2*q + 30, -3*a - q + 6*q - 13 = 0. What is n(a)?
-2
Let r(v) = v - 7. Let p be r(8). Let l(z) = -17*z**2 - 2*z - 5. Let f(d) = -8*d**2 - d - 2. Let a(h) = 7*f(h) - 3*l(h). Determine a(p).
-5
Let l(g) = 6*g - 1. Let k(v) = v. Let h(f) = -21*k(f) + 3*l(f). Let t(i) = 2*i + 3. Let a(m) = 3*h(m) + 4*t(m). Give a(6).
-3
Let k(v) be the third derivative of -v**4/4 + v**3/6 - v**2. Let g(f) = f**3 - 2*f**2 - f + 3. Let l be g(2). What is k(l)?
-5
Suppose 0 = 15*q - 13*q - 8. Let x(t) = -1 + 0*t**3 + 3 + 0 + q*t**2 + 3*t + t**3. Give x(-3).
2
Suppose 0 = -3*u + 25 - 1. Suppose 3*p + u = p. Let f(b) be the third derivative of -b**4/12 - b**3/3 + 2*b**2. Calculate f(p).
6
Let s(q) = 7*q - 2. Let g(u) = -6*u + 1. Let p(l) = 5*g(l) + 4*s(l). Let n(r) = r**3 - r**2 - 2. Let t be n(0). Determine p(t).
1
Let k(j) be the second derivative of -j**5/20 + 7*j**4/12 - 7*j**3/6 + 17*j. Calculate k(6).
-6
Suppose -v - 3 = 2. Let i(p) = -5*p**2 + 4*p + 2. Let n(y) = 6*y**2 - 4*y - 3. Let t(o) = -7*i(o) - 6*n(o). Give t(v).
-1
Let f(n) be the first derivative of n**4/4 - n**3 - n**2/2 - 17. What is f(4)?
12
Let m = 3 - 7. Let f(p) be the third derivative of -p**5/120 - 7*p**4/24 + p**3/3 - 3*p**2. Let l(i) be the first derivative of f(i). What is l(m)?
-3
Let s be -2*(1 - 2) - -1. Let u be 2*s/12*6. Let c(q) = -3 - q**2 + 1 - 2 + 5*q. What is c(u)?
2
Let y(l) = -1 + 53*l**2 - 2 + 7*l - 54*l**2. What is y(7)?
-3
Let d = 7 + -9. Let v(m) be the second derivative of m**5/10 + m**4/6 - m**3/2 - m**2 - 4*m. Give v(d).
-4
Let i(j) = -j**2 + 4*j + 3. Suppose -y = -3*b + 1 - 12, -5*b = 2*y. Suppose -17 = -2*x - y. What is i(x)?
-9
Let c(l) = -l**2 + 9*l - 3*l + 4 - 1 - 8. Let n = 4 + -1. Suppose n*a = -2*a + 30. Calculate c(a).
-5
Let k(y) = -5*y**2 + 12*y - 8. Let d = 2 - 7. Let r(g) = 6*g**2 - 13*g + 8. Let o(f) = d*k(f) - 4*r(f). Give o(6).
-4
Let u(l) = 11*l + 1. Suppose -16*v = -17*v + 2. Calculate u(v).
23
Let p(r) = r**2 + 39*r - 122. Let f be p(-42). Let g(h) = 0*h - 6*h**2 + 3 + 5*h**2 + h. Give g(f).
-9
Let t(l) = 2*l + 19. Let x be t(-8). Let r(g) = x*g + 0*g - 3*g + g. What is r(6)?
6
Let y(t) = -2*t - 2 + 0 - 2*t + t**2. Let v = 9 - 5. Calculate y(v).
-2
Let q(s) be the second derivative of -s**5/60 + s**4/8 - s**3 - 4*s**2 + 11*s. Let p(i) be the first derivative of q(i). What is p(5)?
-16
Let n(z) = -z**2 + 2*z - 3. Let a(m) be the third derivative of -m**6/120 + m**4/24 + m**3/2 - 4*m**2. Let x be a(0). What is n(x)?
-6
Let l be (2/(-6))/(1/(-6)). Let y(b) = -2*b**l + 2*b**2 - b - b**2 - 4. Suppose 16*j + 9*j - 19*j = 0. What is y(j)?
-4
Suppose 5*k - 4*n - 65 = 0, -2*n = -2*k - 0*k + 24. Suppose 0 = 5*x + o - k - 2, 17 = -x + 5*o. Let t(i) = i**3 - 2*i**2 - 2*i - 4. Give t(x).
-1
Let m(p) be the first derivative of p**4/4 - 7*p**3/3 - 7*p**2/2 - 11*p + 8. Give m(8).
-3
Let b(k) = 3*k - 1. Let h(u) = -u. Let p(i) = 3*b(i) + 8*h(i). Give p(3).
0
Let f(j) = -9*j - 1 + 5*j + 8 + 3*j. What is f(9)?
-2
Let z(h) = -h - 2. Let l(f) = 3*f + 9. Let t(s) = -2*l(s) - 9*z(s). Give t(-3).
-9
Suppose 4*u + u = 0. Let p(k) be the third derivative of 0 + 0*k - k**2 + 1/60*k**5 + 1/40*k**6 + u*k**3 + 0*k**4. Give p(1).
4
Let p(v) = v**3 + v**2 + v - 12. Suppose 0 = -3*h - 0*h. Calculate p(h).
-12
Let i(x) = x**3 - 6*x**2 + x - 2. Let l(a) = 4*a**3 - 25*a**2 + 3*a - 7. Let s(b) = -9*i(b) + 2*l(b). Give s(4).
-8
Let d(z) be the first derivative of -z**4/4 - 5*z**3/3 - 5*z**2/2 + 23. Determine d(-4).
4
Let m(c) be the third derivative of -c**4/24 + 7*c**3/6 + 12*c**2. What is m(0)?
7
Let r(n) be the second derivative of -n - 1/2*n**2 - 1/6*n**3 + 0. Suppose 3*l - 3*x = -0*l - 12, 0 = 5*l + 5*x. Determine r(l).
1
Let b(g) = 3*g - 1. Suppose 4*r = -3*r + 21. Suppose 4*f + 17 = -r. Determine b(f).
-16
Let s(l) = 8 - 2 + l**3 + 3 + 0*l**3. What is s(0)?
9
Let j = 9 + -6. Let q(i) = -i**2 + 4*i + 1. Calculate q(j).
4
Let q(f) be the first derivative of 2*f**3/3 + f + 14. What is q(1)?
3
Let p(t) = -t**3 + 4*t**2 - 3*t + 3. Suppose -7*a + 3*a - 12 = 0. Let u be a/1*(-24)/18. Determine p(u).
-9
Let l(y) = -y**3 + 6*y**2 - 4*y - 5. Suppose 45 = 3*t + 2*t. Let v be (-8)/36 - (-2)/t. Suppose 4*h = 3*s - 35, 0 = 4*s - v*s - 4*h - 40. Determine l(s).
0
Let j(t) be the second derivative of t**5/20 - 2*t**4/3 + 4*t**3/3 - 5*t**2 + 11*t. What is j(7)?
-3
Let j(p) be the first derivative of 5*p**2 + 3*p + 7. Let v(u) = -7*u - 2. Let g(k) = 5*j(k) + 7*v(k). What is g(2)?
3
Let k(q) = -q**3 + 12*q**2 - 2*q + 3. Let t(g) = g - 2*g**2 + 3 - 3 + 3*g**2. Let d(u) = k(u) - 5*t(u). Give d(6).
-3
Let l(s) = 25*s - 9*s - 8*s - 7*s + 3. Suppose -4*r - 4 = -c - 0, -2*r = -4*c + 2. Calculate l(c).
3
Let d(i